the prime factors of 9844?
2, 23, 107
List the prime factors of 9653.
7, 197
List the prime factors of 30841.
30841
List the prime factors of 133.
7, 19
What are the prime factors of 7613?
23, 331
What are the prime factors of 16902?
2, 3, 313
What are the prime factors of 74667?
3, 24889
What are the prime factors of 894?
2, 3, 149
What are the prime factors of 4135?
5, 827
What are the prime factors of 18171?
3, 673
What are the prime factors of 96667?
96667
List the prime factors of 71580.
2, 3, 5, 1193
What are the prime factors of 2608?
2, 163
List the prime factors of 23312.
2, 31, 47
What are the prime factors of 28235?
5, 5647
What are the prime factors of 18455?
5, 3691
What are the prime factors of 101004?
2, 3, 19, 443
List the prime factors of 43121.
13, 31, 107
List the prime factors of 150368.
2, 37, 127
List the prime factors of 6102.
2, 3, 113
List the prime factors of 619.
619
What are the prime factors of 7277?
19, 383
What are the prime factors of 749?
7, 107
What are the prime factors of 33517?
11, 277
What are the prime factors of 4225?
5, 13
List the prime factors of 1051.
1051
List the prime factors of 1161.
3, 43
List the prime factors of 3093.
3, 1031
What are the prime factors of 1622?
2, 811
What are the prime factors of 292?
2, 73
What are the prime factors of 416?
2, 13
What are the prime factors of 561?
3, 11, 17
What are the prime factors of 22585?
5, 4517
List the prime factors of 12095.
5, 41, 59
List the prime factors of 14140.
2, 5, 7, 101
What are the prime factors of 844?
2, 211
List the prime factors of 52249.
52249
List the prime factors of 3222.
2, 3, 179
What are the prime factors of 56850?
2, 3, 5, 379
What are the prime factors of 232?
2, 29
List the prime factors of 1439.
1439
List the prime factors of 116304.
2, 3, 2423
List the prime factors of 53769.
3, 17923
What are the prime factors of 11183?
53, 211
What are the prime factors of 1727?
11, 157
List the prime factors of 762.
2, 3, 127
What are the prime factors of 152682?
2, 3, 25447
List the prime factors of 5205.
3, 5, 347
List the prime factors of 24496.
2, 1531
What are the prime factors of 66?
2, 3, 11
List the prime factors of 655.
5, 131
What are the prime factors of 9535?
5, 1907
What are the prime factors of 50809?
11, 31, 149
List the prime factors of 15883.
7, 2269
List the prime factors of 7150.
2, 5, 11, 13
List the prime factors of 7053.
3, 2351
What are the prime factors of 76244?
2, 7, 389
What are the prime factors of 5003?
5003
What are the prime factors of 2026?
2, 1013
What are the prime factors of 26431?
26431
List the prime factors of 361.
19
List the prime factors of 8191.
8191
What are the prime factors of 63474?
2, 3, 71, 149
What are the prime factors of 174279?
3, 7, 43, 193
What are the prime factors of 20388?
2, 3, 1699
List the prime factors of 4080.
2, 3, 5, 17
List the prime factors of 274.
2, 137
What are the prime factors of 90025?
5, 13, 277
List the prime factors of 79713.
3, 17, 521
List the prime factors of 1083.
3, 19
What are the prime factors of 46945?
5, 41, 229
List the prime factors of 5392.
2, 337
List the prime factors of 55.
5, 11
List the prime factors of 410.
2, 5, 41
List the prime factors of 7337.
11, 23, 29
List the prime factors of 541.
541
List the prime factors of 1010.
2, 5, 101
List the prime factors of 125153.
7, 19, 941
What are the prime factors of 806?
2, 13, 31
What are the prime factors of 179?
179
What are the prime factors of 3104?
2, 97
What are the prime factors of 1213?
1213
What are the prime factors of 721?
7, 103
List the prime factors of 74425.
5, 13, 229
List the prime factors of 303.
3, 101
List the prime factors of 672.
2, 3, 7
What are the prime factors of 7020?
2, 3, 5, 13
What are the prime factors of 13465?
5, 2693
What are the prime factors of 31387?
31387
List the prime factors of 24643.
19, 1297
List the prime factors of 2736.
2, 3, 19
What are the prime factors of 25549?
29, 881
What are the prime factors of 5712?
2, 3, 7, 17
What are the prime factors of 29001?
3, 7, 1381
What are the prime factors of 2355?
3, 5, 157
List the prime factors of 91419.
3, 31, 983
List the prime factors of 1130.
2, 5, 113
What are the prime factors of 1221?
3, 11, 37
List the prime factors of 1302.
2, 3, 7, 31
List the prime factors of 20215.
5, 13, 311
List the prime factors of 4588.
2, 31, 37
What are the prime factors of 80125?
5, 641
What are the prime factors of 6900?
2, 3, 5, 23
What are the prime factors of 6892?
2, 1723
List the prime factors of 3151.
23, 137
List the prime factors of 374.
2, 11, 17
List the prime factors of 3070.
2, 5, 307
What are the prime factors of 254?
2, 127
What are the prime factors of 634?
2, 317
What are the prime factors of 1145?
5, 229
List the prime factors of 2053.
2053
List the prime factors of 63669.
3, 19, 1117
What are the prime factors of 842?
2, 421
List the prime factors of 177.
3, 59
List the prime factors of 655.
5, 131
List the prime factors of 44155.
5, 8831
What are the prime factors of 2816?
2, 11
List the prime factors of 24060.
2, 3, 5, 401
List the prime factors of 2235.
3, 5, 149
What are the prime factors of 13620?
2, 3, 5, 227
List the prime factors of 13725.
3, 5, 61
List the prime factors of 86430.
2, 3, 5, 43, 67
What are the prime factors of 56306?
2, 47, 599
List the prime factors of 11295.
3, 5, 251
What are the prime factors of 2157?
3, 719
List the prime factors of 47519.
19, 41, 61
List the prime factors of 7837.
17, 461
List the prime factors of 69.
3, 23
What are the prime factors of 7425?
3, 5, 11
List the prime factors of 669.
3, 223
What are the prime factors of 5423?
11, 17, 29
What are the prime factors of 47588?
2, 11897
What are the prime factors of 3042?
2, 3, 13
List the prime factors of 1061.
1061
List the prime factors of 104826.
2, 3, 17471
List the prime factors of 1830.
2, 3, 5, 61
What are the prime factors of 5127?
3, 1709
List the prime factors of 1159.
19, 61
What are the prime factors of 518?
2, 7, 37
List the prime factors of 727.
727
List the prime factors of 768.
2, 3
List the prime factors of 128721.
3, 107, 401
List the prime factors of 1282.
2, 641
List the prime factors of 1444.
2, 19
What are the prime factors of 6392?
2, 17, 47
List the prime factors of 396.
2, 3, 11
What are the prime factors of 36075?
3, 5, 13, 37
List the prime factors of 431.
431
List the prime factors of 915.
3, 5, 61
List the prime factors of 102735.
3, 5, 761
List the prime factors of 21194.
2, 10597
List the prime factors of 14093.
17, 829
What are the prime factors of 4?
2
What are the prime factors of 15071?
7, 2153
List the prime factors of 12243.
3, 7, 11, 53
What are the prime factors of 39447?
3, 487
List the prime factors of 2513.
7, 359
What are the prime factors of 12989?
31, 419
List the prime factors of 12552.
2, 3, 523
List the prime factors of 4621.
4621
What are the prime factors of 1882?
2, 941
List the prime factors of 642.
2, 3, 107
List the prime factors of 66669.
3, 71, 313
What are the prime factors of 3275?
5, 131
What are the prime factors of 5791?
5791
What are the prime factors of 13829?
13829
What are the prime factors of 5225?
5, 11, 19
What are the prime factors of 699?
3, 233
List the prime factors of 149.
149
What are the prime factors of 7086?
2, 3, 1181
List the prime factors of 7.
7
List the prime factors of 3682.
2, 7, 263
What are the prime factors of 25525?
5, 1021
List the prime factors of 2894.
2, 1447
What are the prime factors of 3060?
2, 3, 5, 17
What are the prime factors of 2392?
2, 13, 23
What are the prime factors of 48491?
48491
What are the prime factors of 1138?
2, 569
What are the prime factors of 59952?
2, 3, 1249
List the prime factors of 7931.
7, 11, 103
List the prime factors of 161089.
41, 3929
What are the prime factors of 376?
2, 47
List the prime factors of 67.
67
List the prime factors of 143683.
53, 2711
List the prime factors of 4349.
4349
What are the prime factors of 1249?
1249
What are the prime factors of 28309?
28309
What are the prime factors of 103621?
7, 113, 131
What are the prime factors of 125?
5
List the prime factors of 262.
2, 131
List the prime factors of 41752.
2, 17, 307
List the prime factors of 12420.
2, 3, 5, 23
What are the prime